Let r be p(-15). Let b be (r*2)/(14 - 12). Suppose 2*j - 8 = b*j. Let z(k) = 2*k + 3. Determine z(j).
-1
Let r(i) = -3*i - 2*i**2 + 22*i - 4*i - 9*i. What is r(4)?
-8
Let h(c) = -5*c**3 - 36*c**2 - 12*c - 19. Let n be h(-7). Let z(u) = u**3 - 15*u**2 - 13*u + 2. Give z(n).
50
Suppose 9 = 4*s + 1. Let o(p) = 0*p**2 + 2*p**s + 0*p**2 - 4*p**3 + 2*p - 3 + 3*p**3. Give o(3).
-6
Let a(o) be the first derivative of -o**3/3 + o**2/2 + 31*o + 322. Give a(-5).
1
Let z = -1786 - -1796. Let r(u) = u - 6. Determine r(z).
4
Suppose -20*v + 15*v = -65. Let b(x) = -2 + 2*x + 10 - v. Let y = -1 + 5. Determine b(y).
3
Let o(v) = v - 11. Let y(h) = 40*h - 854. Let z be y(21). Calculate o(z).
-25
Let n(l) = -29*l + 307. Let p be n(10). Let s(v) = -v**3 + 17*v**2 - 14. Give s(p).
-14
Let g(s) = s + 8. Let p = -11 + 16. Let x(t) = t**3 - 5*t**2 - 3*t + 7. Let o be x(p). Let u be g(o). Let v(b) = -b**2 - b - 8. Give v(u).
-8
Let m(b) be the second derivative of b**6/360 - b**5/30 - 5*b**4/24 - 7*b**3/6 + 14*b + 3. Let h(x) be the second derivative of m(x). Calculate h(5).
0
Let p(x) be the third derivative of 0 - 1/120*x**6 + x**3 + 41*x**2 + 0*x - 1/2*x**4 + 1/5*x**5. Calculate p(11).
-5
Let o(u) = -u**2 + u + 7. Suppose -4*f + 2 + 2 = 0. Let g(y) = 4*y**3 + y**2. Let a be g(f). Calculate o(a).
-13
Suppose 4*x - 4*m + 2 = -2, x = 2*m + 4. Let y(c) = c**3 + 7*c**2 + 5*c - 12. What is y(x)?
-6
Let s(o) = 5*o**2 + 3*o**2 - 4*o**2 + o**3 - 4 - o + 5*o**2. Calculate s(-9).
5
Let v be ((-2)/(-10))/(9/225). Let x be (0 - 1) + (-16)/(-4). Suppose v*h + l = 25 + 1, -2 = -x*h - 4*l. Let t(a) = -a**3 + 6*a**2. Give t(h).
0
Let o(v) = 9*v**3 + 33*v**2 + 7*v - 29. Let a(p) = -4*p**3 - 16*p**2 - 3*p + 14. Let r(f) = -7*a(f) - 3*o(f). Calculate r(-13).
-11
Let p(m) be the third derivative of m**6/120 + 2*m**5/15 + 7*m**4/24 + 4*m**3/3 - 77*m**2. Determine p(-7).
8
Let l(b) = b**2. Let a(f) = 5*f**2 + 6*f + 1. Let p(h) = -a(h) + 4*l(h). Let u = -1 - -21. Suppose -u = 5*o + 5*c, -12 = 4*o - o - c. Calculate p(o).
7
Let j(r) = 35 + 63 - 64 - 3*r. What is j(10)?
4
Let r(g) be the first derivative of -2*g**3/3 + 5*g**2/2 + 10*g - 110. Calculate r(5).
-15
Let t(x) = x**2 - 4*x - 6. Let i be t(5). Let p(y) = -4*y + 1. Calculate p(i).
5
Let s(u) = -u**2 - u - 1. Suppose -19*x - 7 = 12. Give s(x).
-1
Let a(h) = -2*h - 4. Let k(s) = 5*s**3 - 6*s**2 - 3*s + 2. Let q be k(-2). Let g = 64 + q. Determine a(g).
-20
Let j(q) = 2*q. Let p be j(2). Let f(l) = l**2 - 5*l + 5. What is f(p)?
1
Let t = -815 + 804. Let c(g) = -g**3 - 10*g**2 + 12*g + 15. What is c(t)?
4
Let o(y) = -y**3 + 5*y**2 - 3*y. Let x(d) = -d**2 + 2*d. Let m(c) = -o(c) + x(c). Give m(6).
30
Let p(w) = -13*w**2 - 1. Let t(f) = -f**3 + 7*f**2 - 7*f + 7. Let x be 68/11 - (424/(-88) - -5). Let y be t(x). Determine p(y).
-14
Let d(m) be the third derivative of 2*m**2 + 1/2*m**3 + 1/8*m**4 + 1/60*m**5 + 0 + 0*m. Let b = -315 - -311. What is d(b)?
7
Let i(z) be the first derivative of -z**3/3 - 21*z**2/2 + 6*z - 140. What is i(-21)?
6
Let j(a) be the third derivative of -29*a**4/24 + a**3/6 + 6*a**2 - 6. What is j(-1)?
30
Let k(m) = 0*m - 2*m + 3*m. Let y = -39 - -45. Suppose 8 = -g + y. Give k(g).
-2
Let j(a) be the second derivative of -a**6/120 + a**5/20 + a**4/4 + 5*a**3/6 - 15*a**2/2 - 10*a. Let f(r) be the first derivative of j(r). What is f(5)?
-15
Let h(w) be the second derivative of w**3/6 - w**2 - 10*w. Let b be -4 + 16 + 3 + -7. Calculate h(b).
6
Let k = 58 - 55. Let l(q) = 32*q - 3*q**k - 60*q + 27*q. Suppose 7*o - 3*o - 4 = 0. Calculate l(o).
-4
Let f(w) = 0*w + w**2 + w - 2*w**2 + 11 + 2*w**2. Suppose -4*a - 49 - 63 = 0. Let c = -28 - a. Determine f(c).
11
Let z(f) be the second derivative of f**4/6 + f**3/6 - f**2/2 + 5*f. Let i(q) = 92 + 4*q**2 - 3*q**2 - 94 - 6*q. Let r be i(6). Determine z(r).
5
Let i = 20 - 43. Let w be 2/(-7) + i/(-7). Let k(j) = -4*j**2 + 2*j - 3. Let s(d) = d**2 - d. Let a(b) = k(b) + 3*s(b). Determine a(w).
-15
Let j(u) = 7*u**2 - 2*u - 6*u**2 - 5 + 7*u - 5. Let f(c) = -c**2 - 15*c + 8. Let k be f(-15). Let q be ((-14)/k)/(3/12). Calculate j(q).
4
Let q(m) = -16*m - 9. Let z(k) = -15*k - 4. Let p(g) = -5*q(g) + 6*z(g). Determine p(2).
1
Let l(o) = -8*o + 14. Let k(a) = a - 2. Let t(w) = 7*k(w) + l(w). Let d = -3 - -4. What is t(d)?
-1
Let k(v) = -v + 15. Let q be k(8). Let u(c) = -q*c - 4*c + 0 - 1. Determine u(-1).
10
Let h(z) = -z**3 - 7*z**2 - 2*z - 3. Let u be h(-4). Let b = u - -41. Let s(c) = 3*c**2 - c - 2. Calculate s(b).
12
Suppose -5*m - 7 = 18. Let l(t) = -t**2 - 3*t + 3. Let b be l(m). Let x(w) = w**2 + 9*w + 3. What is x(b)?
-11
Let l(x) = -4*x**2 + 1. Let r be l(1). Suppose -2*s + 0*s = 0. Let a(c) = -c**2 + 5*c - c**2 + s*c - 9*c. What is a(r)?
-6
Let x(n) = -2*n**2 + 8*n + 3 + n**2 - 9. Let y be x(5). Let t(w) = 4 - 3*w - y + 3*w + 2*w. What is t(6)?
7
Let w(m) = 9*m - 12. Let t(p) = 3*p - 3. Let s(v) = 8*t(v) - 3*w(v). Determine s(5).
-3
Let d(v) = -4 - 2863*v - 8 - v**2 + 2871*v. What is d(7)?
-5
Let n(o) be the second derivative of o**7/2520 - o**5/40 - 7*o**4/12 + 15*o. Let i(f) be the third derivative of n(f). Calculate i(3).
6
Let z(h) = 17 + h**2 - 18 + 0 + h. Let b(i) = -2*i**2 + i + 8. Let s = 1 + 0. Let d(m) = s*b(m) + 4*z(m). Determine d(-3).
7
Let t(j) = -j**3 + 4*j**2 + 5*j. Let a be (-1)/(-2) + (-369)/(-82). Give t(a).
0
Let c(p) = -11*p**3 + 21*p**2 - 3*p + 3. Let o(h) = 3*h**3 - 8*h**2 + h - 1. Let n(v) = -2*c(v) - 7*o(v). Give n(-14).
15
Let h(v) = 7*v**2 - 1. Let o be h(1). Suppose -7*i - o = -9*i. Suppose -4*p + 1 = i*n - 1, 0 = -2*n + 2*p - 22. Let j(y) = y - 4. Determine j(n).
-10
Let w(o) = -o**3 + 7*o**2 - 4*o - 12. Let k be w(6). Suppose 3*t - 12 + 18 = k. Let z(f) = 3*f**2 - 2*f. Give z(t).
16
Suppose 0*a = -2*a - 18. Let x be -7 - (a - -4)/5. Let k(m) = -m + 3. What is k(x)?
9
Let i(c) = -c**3 - 4*c**2 + 5*c + 5. Suppose -15 = 5*b - 0. Let r be b/(3 + (-60)/25). Calculate i(r).
5
Let b = -147 + 96. Let h = b - -55. Let o(c) be the third derivative of c**5/60 - c**4/6 - 2*c**2. Determine o(h).
0
Let r = 65 - 68. Let m(l) be the second derivative of -l**5/30 - l**4/8 + 2*l**2 + 3*l. Let s(d) be the first derivative of m(d). Calculate s(r).
-9
Let d = 31 + -28. Suppose 5*o = -5*l + 50, d*o + 8 = -4*l + 46. Let r(h) = -h + 2. Calculate r(l).
-6
Let j be ((-2)/(-6))/((-12)/(-1152)). Let a(y) = y**2 + j*y - 2*y**2 - 3 - 28*y. Determine a(2).
1
Let z(u) = u**3 - 14*u**2 - 7*u + 4. Let q(l) = l**3 - 14*l**2 - 6*l + 5. Let b(w) = -6*q(w) + 5*z(w). Calculate b(14).
4
Let m(d) = -4 + 4*d + 0*d**3 + d**3 - d + 7*d**2. Let r(p) = -p**2 + 6*p + 66. Let w be r(12). Give m(w).
14
Let x(f) = -3 + 7*f**2 + 7*f + 4 + f**3 - 2. Let n(j) = -69*j**2 + 346*j - 11. Let u be n(5). What is x(u)?
-7
Let g(y) = -7*y + 8*y**2 + 3*y - 10*y**2. Suppose -d + 14 = -5*v, -3*v - 3*d - 34 + 22 = 0. What is g(v)?
-6
Let p(l) = 7*l**3 + 2*l**2 + l + 5. Let j(x) = 9*x**3 + 3*x**2 + x + 6. Let f(n) = 3*j(n) - 4*p(n). Give f(2).
-8
Let g(c) = -6*c**3 + 5*c**2 - 3*c - 1. Let n(f) = 5*f**3 - 3*f**2 + 3*f + 2. Let d(a) = -4*g(a) - 5*n(a). Give d(-4).
-10
Let u(b) = -b - 1. Suppose -10*l + 11*l + 1 = 0. Let z(r) = -5*r + 3. Let o(i) = l*z(i) + 3*u(i). What is o(7)?
8
Suppose -4*d - 4*a = a - 25, 5*a - 15 = -2*d. Let q(u) = 2855*u**2 - 7*u + 0*u - 2854*u**2 + 5. Determine q(d).
-5
Suppose 23 = 3*i + 29. Let x(n) be the first derivative of 7*n**5/120 + n**4/8 + n**3 - 3. Let o(l) be the third derivative of x(l). Give o(i).
-11
Let u(v) = -332*v**2 - 4 + 1313*v**2 - 329*v**2 - 321*v**2 - 330*v**2. Suppose 3*d = a + 7*d + 3, -2*a - 5*d = 6. Determine u(a).
5
Let m(z) = 11*z**2 - 5*z + 6 + 21*z**2 - 31*z**2. What is m(5)?
6
Let w(p) = -6*p**3 + 2*p**2 - 2*p + 1. Let f = 5 + -2. Suppose -f*q = d - 9, 6*q - 35 = 5*d + q. Let l be (d + 1 + 0)/(-2). What is w(l)?
-5
Let c(n) = 4*n - 13. Let p be c(4). Suppose 0 = 4*h - 16, 7 = -p*l + 3*h - 5*h. Let k(m) = m**2 + 6*m - 4. Determine k(l).
-9
Let z(v) = 1 + 4*v - 6*v + v. Calculate z(-3).
4
Let x be (-55)/(-8)*2/5 + (-696)/928. Let v(d) = 3 + 2*d - 5 - 1. Calculate v(x).
1
Let r = 24 + -21. Let c(h) = -7*h**2 + h + 7. Let z(a) = -8*a**2 + a + 8. Let w(v) = -7*c(v) + 6*z(v). Let i(d) be the first derivative of w(d). Determine i(r).
5
Let v(i) be the third 